{"id":708,"date":"2026-02-08T08:05:44","date_gmt":"2026-02-08T07:05:44","guid":{"rendered":"https:\/\/primserviceeurope.lu\/?post_type=product&#038;p=708"},"modified":"2026-02-08T08:08:51","modified_gmt":"2026-02-08T07:08:51","slug":"max-bec-double-entree-12a-telemetrie","status":"publish","type":"product","link":"https:\/\/ltgtech.fr\/?product=max-bec-double-entree-12a-telemetrie","title":{"rendered":"max BEC double entr\u00e9e 12A &#038; t\u00e9l\u00e9m\u00e9trie"},"content":{"rendered":"<table class=\"table table-striped mt-3 col-lg-6\">\n<tbody>\n<tr>\n<th>Weight [g]<\/th>\n<td>85<\/td>\n<\/tr>\n<tr>\n<th>Dimensions [mm]<\/th>\n<td>100 x 29 x 16<\/td>\n<\/tr>\n<tr>\n<th>Sustained current [A]<\/th>\n<td>12<\/td>\n<\/tr>\n<tr>\n<th>Peak current (max 30s) [A]<\/th>\n<td>20<\/td>\n<\/tr>\n<tr>\n<th>Telemetry<\/th>\n<td>Yes<\/td>\n<\/tr>\n<tr>\n<th>Operational temperature [\u00b0C]<\/th>\n<td>-10 to 130<\/td>\n<\/tr>\n<tr>\n<th>Recommended input voltage [V]<\/th>\n<td>5.5 to 8.4<\/td>\n<\/tr>\n<tr>\n<th>Output voltage [V]<\/th>\n<td>5.0 &#8211; 6.0<\/td>\n<\/tr>\n<tr>\n<th>Idle current [\u00b5A]<\/th>\n<td>240<\/td>\n<\/tr>\n<tr>\n<th>Max. power loss [W]<\/th>\n<td>20<\/td>\n<\/tr>\n<tr>\n<th>Number of battery inputs<\/th>\n<td>2<\/td>\n<\/tr>\n<tr>\n<th>Input voltage max. [V]<\/th>\n<td>16<\/td>\n<\/tr>\n<\/tbody>\n<\/table>\n","protected":false},"excerpt":{"rendered":"<p>Weight [g] 85 Dimensions [mm] 100 x 29 x 16 Sustained current [A] 12 Peak current (max 30s) [A] 20 Telemetry Yes Operational temperature [\u00b0C] -10 to 130 Recommended input voltage [V] 5.5 to 8.4 Output voltage [V] 5.0 &#8211; 6.0 Idle current [\u00b5A] 240 Max. power loss [W] 20 Number of battery inputs 2 [&hellip;]<\/p>\n","protected":false},"featured_media":712,"template":"","meta":[],"product_brand":[32],"product_cat":[35],"product_tag":[],"class_list":{"0":"post-708","1":"product","2":"type-product","3":"status-publish","4":"has-post-thumbnail","6":"product_brand-jeti","7":"product_cat-accessoires","8":"pa_etat-neuf","9":"pa_etat-occasion","10":"pa_etat-reconditionne","12":"first","13":"instock","14":"taxable","15":"shipping-taxable","16":"purchasable","17":"product-type-variable"},"supplier_id":null,"supplier_sku":"","barcode":null,"atum_controlled":true,"out_stock_date":null,"out_stock_threshold":null,"inheritable":true,"inbound_stock":0,"stock_on_hold":0,"sold_today":0,"sales_last_days":0,"reserved_stock":0,"customer_returns":0,"warehouse_damage":0,"lost_in_post":0,"other_logs":0,"out_stock_days":0,"lost_sales":0,"has_location":false,"update_date":"2026-04-10T14:59:38","atum_locations":[],"atum_stock_status":"instock","restock_status":false,"low_stock_amount":"","sales_update_date":"2026-04-10T14:59:38","calc_backorders":0,"jetpack_sharing_enabled":true,"_links":{"self":[{"href":"https:\/\/ltgtech.fr\/index.php?rest_route=\/wp\/v2\/product\/708","targetHints":{"allow":["GET"]}}],"collection":[{"href":"https:\/\/ltgtech.fr\/index.php?rest_route=\/wp\/v2\/product"}],"about":[{"href":"https:\/\/ltgtech.fr\/index.php?rest_route=\/wp\/v2\/types\/product"}],"version-history":[{"count":1,"href":"https:\/\/ltgtech.fr\/index.php?rest_route=\/wp\/v2\/product\/708\/revisions"}],"predecessor-version":[{"id":713,"href":"https:\/\/ltgtech.fr\/index.php?rest_route=\/wp\/v2\/product\/708\/revisions\/713"}],"wp:featuredmedia":[{"embeddable":true,"href":"https:\/\/ltgtech.fr\/index.php?rest_route=\/wp\/v2\/media\/712"}],"wp:attachment":[{"href":"https:\/\/ltgtech.fr\/index.php?rest_route=%2Fwp%2Fv2%2Fmedia&parent=708"}],"wp:term":[{"taxonomy":"product_brand","embeddable":true,"href":"https:\/\/ltgtech.fr\/index.php?rest_route=%2Fwp%2Fv2%2Fproduct_brand&post=708"},{"taxonomy":"product_cat","embeddable":true,"href":"https:\/\/ltgtech.fr\/index.php?rest_route=%2Fwp%2Fv2%2Fproduct_cat&post=708"},{"taxonomy":"product_tag","embeddable":true,"href":"https:\/\/ltgtech.fr\/index.php?rest_route=%2Fwp%2Fv2%2Fproduct_tag&post=708"}],"curies":[{"name":"wp","href":"https:\/\/api.w.org\/{rel}","templated":true}]}}